12, what is 35a24 + -19?
35a07
In base 12, what is 768668 + -1?
768667
In base 3, what is 102 + 2122220?
2200022
In base 11, what is 632 + 75?
6a7
In base 13, what is 30a518 - -4?
30a51c
In base 13, what is 39 - -2c2?
32b
In base 10, what is -5 + 31361?
31356
In base 6, what is -4 + -12201112?
-12201120
In base 11, what is -102 + -1a89?
-2090
In base 6, what is 1310400 + -4?
1310352
In base 10, what is -157 + 8342?
8185
In base 6, what is 143405 + -3?
143402
In base 8, what is 46305 + -4?
46301
In base 15, what is 0 + -b487?
-b487
In base 12, what is -6 - -26a4?
269a
In base 3, what is 11010122 - -2?
11010201
In base 3, what is 11021211 - 1201?
11020010
In base 2, what is 111110111011011011 - 11?
111110111011011000
In base 5, what is -243 - -22?
-221
In base 10, what is 59792 - -23?
59815
In base 13, what is -67ab4 + 0?
-67ab4
In base 13, what is -1a1 + -5?
-1a6
In base 11, what is -14 - -4403?
439a
In base 3, what is -2212122 - 1020110?
-11010002
In base 4, what is 22111 - 20?
22031
In base 13, what is -23b - 3a3?
-611
In base 3, what is 2002210110 - -100?
2002210210
In base 7, what is -11254 + -106?
-11363
In base 6, what is 2254120 - 14?
2254102
In base 6, what is 534 + 5340?
10314
In base 5, what is -23132244 + 21?
-23132223
In base 2, what is -101 + 1010101101001101?
1010101101001000
In base 11, what is 0 - -27a59?
27a59
In base 5, what is -214323 + 131?
-214142
In base 8, what is 1512 + -566?
724
In base 3, what is -10 + -102210112?
-102210122
In base 9, what is 458365 + -4?
458361
In base 7, what is -14 - -24161?
24144
In base 2, what is 101 + 11000011111011001?
11000011111011110
In base 12, what is 715b + 4?
7163
In base 7, what is -2534 - -2?
-2532
In base 5, what is 42 - -34203?
34300
In base 13, what is 7b - 88?
-a
In base 5, what is 1 + 111442?
111443
In base 8, what is 112627 - 1?
112626
In base 8, what is -414 + 105?
-307
In base 9, what is -143 + 568?
425
In base 10, what is -5 + 155157?
155152
In base 2, what is 0 - -1111110111000?
1111110111000
In base 9, what is -518 - 516?
-1135
In base 13, what is -12 + -23c32?
-23c44
In base 8, what is 1633 + 2?
1635
In base 6, what is 133223 - 50?
133133
In base 5, what is 104232443 + 0?
104232443
In base 5, what is -1244 + 420?
-324
In base 6, what is -203 + 1323?
1120
In base 8, what is 1037631 - 15?
1037614
In base 11, what is -12966 + 5?
-12961
In base 7, what is 3 + -566434?
-566431
In base 6, what is -1105 + 252?
-413
In base 12, what is 28205 + 24?
28229
In base 8, what is 1354 + 123?
1477
In base 15, what is -b7e + 4?
-b7a
In base 6, what is 1001434 + -2?
1001432
In base 5, what is 121 + 13102?
13223
In base 13, what is -4 + 139a6?
139a2
In base 14, what is 4 + -113b6?
-113b2
In base 12, what is 131b - 26?
12b5
In base 9, what is 562 + -126?
435
In base 5, what is -232 - -1313300?
1313013
In base 7, what is -1250052 - 11?
-1250063
In base 13, what is 2a03b + 2?
2a040
In base 7, what is 2420525 - 13?
2420512
In base 6, what is -13 - -54442?
54425
In base 10, what is -92 + 639?
547
In base 15, what is -84 + 4529?
4495
In base 15, what is ae5e + 0?
ae5e
In base 2, what is -10 + -1000101110100?
-1000101110110
In base 13, what is -297 + 5c0?
326
In base 12, what is -4 + -6718?
-6720
In base 7, what is 446 + -11?
435
In base 13, what is a + -a3c36?
-a3c29
In base 13, what is -2a407 + 4?
-2a403
In base 4, what is -23110030 + 0?
-23110030
In base 2, what is -101010011000100 + -100?
-101010011001000
In base 6, what is -4510311 + -2?
-4510313
In base 16, what is -1a744 - 1?
-1a745
In base 14, what is -13 - -24b?
238
In base 9, what is -248 + -711?
-1060
In base 2, what is 10010 - 101100011011000?
-101100011000110
In base 6, what is -3 + 20352?
20345
In base 11, what is -51 - -43652?
43601
In base 11, what is -16a3795 + -3?
-16a3798
In base 12, what is -37b - 67?
-426
In base 16, what is 4 - -47023?
47027
In base 10, what is -3 + -35975?
-35978
In base 14, what is a - 5c989?
-5c97d
In base 14, what is 4660b + 2?
4660d
In base 11, what is -4 - 21272?
-21276
In base 8, what is 76437 - 6?
76431
In base 5, what is 3 - -30430?
30433
In base 10, what is -51366 - 3?
-51369
In base 12, what is 21a6 - 6?
21a0
In base 9, what is 107 + 316?
424
In base 9, what is 54 - -25380?
25444
In base 13, what is -3 + 1362bc?
1362b9
In base 5, what is 30221 - 3044?
22122
In base 7, what is -3 - 3261510?
-3261513
In base 13, what is -5 + -5260?
-5265
In base 3, what is -101 + 10121?
10020
In base 2, what is 11100 + -110110001010011?
-110110000110111
In base 10, what is -82 - 3864?
-3946
In base 12, what is 81 + -b57?
-a96
In base 2, what is -10100100000111 + -1?
-10100100001000
In base 5, what is -114322 + -42?
-114414
In base 3, what is 20201 - 110210?
-20002
In base 13, what is cc5 + 22?
1017
In base 16, what is -117 - 1bb?
-2d2
In base 8, what is -244 - 140?
-404
In base 5, what is -20 + 1204122?
1204102
In base 12, what is -4 + -8770?
-8774
In base 8, what is 4 + 20144?
20150
In base 6, what is 4 + 1303004?
1303012
In base 14, what is -1287 - 58c?
-1835
In base 14, what is 61 - -6dd?
760
In base 15, what is -51a - -17?
-503
In base 2, what is -1111111101011110 - -10?
-1111111101011100
In base 2, what is 10011 - 10111000100?
-10110110001
In base 8, what is -612 + -105?
-717
In base 7, what is 2164252 - 4?
2164245
In base 7, what is -16 - -23?
4
In base 5, what is -12323404 + 100?
-12323304
In base 8, what is -3 - -473710?
473705
In base 14, what is 27 + 1b2?
1d9
In base 12, what is 82 + 243?
305
In base 13, what is -4 - 13b3?
-13b7
In base 13, what is b + 2c9?
307
In base 10, what is -47 - 10727?
-10774
In base 11, what is -3a5a6 + -2?
-3a5a8
In base 5, what is 0 + 1244110?
1244110
In base 6, what is 23130 + 134?
23304
In base 11, what is -2845 + 5a7?
-2249
In base 16, what is 3 - -83b6?
83b9
In base 15, what is 4 + -19470?
-1946b
In base 12, what is -6 - a238?
-a242
In base 8, what is 21 - -2545?
2566
In base 4, what is -10313 + 23?
-10230
In base 8, what is 103 - 435?
-332
In base 4, what is 10 + -212212022?
-212212012
In base 13, what is 75a6 + -29?
757a
In base 9, what is -131385 - 13?
-131408
In base 13, what is -3 - 3929?
-392c
In base 8, what is 2042673 + 2?
2042675
In base 5, what is 213 - -1131?
1344
In base 8, what is -4 + 11313?
11307
In base 15, what is 6 - 29c?
-296
In base 7, what is -14620 - 153?
-15103
In base 3, what is -12 - -11111202010?
11111201221
In base 10, what is -2850 + 81?
-2769
In base 15, what is 16 - 222a?
-2214
In base 6, what is 25553551 - 5?
25553542
In base 8, what is 41336 + -2?
41334
In base 12, what is 31a5 + -4?
31a1
In base 7, what is -13362 - 144?
-13536
In base 6, what is 5 + -50013?
-50004
In base 8, what is 504633 - 3?
504630
In base 14, what is -3 - a289?
-a28c
In base 4, what is 21 - 13131232?
-13131211
In base 4, what is -10100230 + -120?
-10101010
In base 13, what is 874 - 1045?
-4a1
In base 3, what is 12 - -102212122122?
102212122211
In base 8, what is 1366 - 4?
1362
In base 16, what is 2bef + 2?
2bf1
In base 2, what is -1001001111 + 10101110?
-110100001
In base 2, what is -1000 + 1111111000011011?
1111111000010011
In base 5, what is 1404122 + 2?
1404124
In base 3, what is 201121 - -22002?
1000200
In base 7, what is 356 + 5445?
6134
In base 4, what is -2203 + -21301?
-30110
In base 13, what is 1 - 53c64?
-53c63
In base 14, what is 13552 + b?
1355d
In base 2, what is -100101111101 + 1100010?
-100100011011
In base 10, what is -1 - -1949?
1948
In base 4, what is 21 + -2032133?
-2032112
In base 12, what is 236b98 - 3?
236b95
In base 11, what is -12 - 38325a?
-383271
In base 4, what is -21 + -1011210?
-1011231
In base 9, what is -68 - -320?
241
In base 3, what is 20222 - 10102000?
-10011001
In base 4, what is 11 - -10232201?
10232212
In base 11, what is 4 - -16262?
16266
In base 16, what is 11 - -ab38?
ab49
In base 8, what is 277534 - -10?
277544
In base 7, what is 1402126 - -2?
1402131
In base 2, what is 10010 - 10000100001010010?
-10000100001000000
In base 7, what is -5612 - -1?
-5611
In base 12, what is 9 - -5b8?
605
In base 7, what is -300326 + -5?
-300334
In base 9, what is 10236 + -10?
10226
In base 4, what is -1021011 - -212?
-1020133
In base 5, what is -24 - -1010144?
1010120
In base 13, what is 1317 + 4?
131b
In base 4, what is 2 + 2030022?
2030030
In base